-1143143?
-1143142
In base 8, what is -1424 + -12?
-1436
In base 11, what is -28aa19 - -5?
-28aa14
In base 11, what is -3 - -82638?
82635
In base 14, what is 62a - d?
61b
In base 11, what is 940a - -1a1?
9600
In base 14, what is 14 + -67c?
-668
In base 2, what is 10010011011100010011 - 0?
10010011011100010011
In base 15, what is 2 + -2b0e?
-2b0c
In base 14, what is 7b5b + 5?
7b62
In base 11, what is 5 + 3a176?
3a180
In base 14, what is 3 + 15b8?
15bb
In base 11, what is 8 + -65467?
-6545a
In base 3, what is 11 - -1000200012?
1000200100
In base 14, what is 5 - -198cb?
198d2
In base 14, what is -2109 - 5?
-2110
In base 16, what is -9997 + 0?
-9997
In base 8, what is 317455 - -5?
317462
In base 10, what is -5 - 182641?
-182646
In base 5, what is 102103 + 31?
102134
In base 15, what is 548 + 14?
55c
In base 14, what is -8268 - -3?
-8265
In base 6, what is -3250 - 253?
-3543
In base 6, what is 33511 + 131?
34042
In base 4, what is 13223210 + -1?
13223203
In base 15, what is 20 - -2832d?
2834d
In base 8, what is 126441 - 1?
126440
In base 14, what is 2234 + 5?
2239
In base 15, what is 7 - -4262?
4269
In base 5, what is 443030 - 120?
442410
In base 12, what is -733 - -1b2?
-541
In base 2, what is -10110000 - -1001000111?
110010111
In base 2, what is 1000000001001101010 + 1?
1000000001001101011
In base 16, what is 214 - 9b4?
-7a0
In base 10, what is -377 - 161?
-538
In base 9, what is 4 - 30527?
-30523
In base 4, what is 302 + -133301?
-132333
In base 14, what is -755 - 2?
-757
In base 16, what is 3 - 1c8c6e?
-1c8c6b
In base 3, what is -10001022 - -10?
-10001012
In base 15, what is 17 - 16d?
-156
In base 10, what is -1372 - -17?
-1355
In base 6, what is -1341 + -10554?
-12335
In base 11, what is -17757 + 4?
-17753
In base 6, what is 235 + 5254?
5533
In base 13, what is 2 + -13975?
-13973
In base 8, what is -1664 + 21?
-1643
In base 13, what is -206a76 - 1?
-206a77
In base 7, what is 1 - 3602616?
-3602615
In base 14, what is 39a - b3?
2c7
In base 4, what is 1323333 - -10?
1330003
In base 10, what is 473 + -52?
421
In base 9, what is 2 + 555116?
555118
In base 12, what is 5 - -12328?
12331
In base 14, what is -2587 - -65?
-2522
In base 7, what is 43412 - 5?
43404
In base 9, what is 2420 + -47?
2362
In base 8, what is -354157 + -2?
-354161
In base 2, what is -1110 - -11100111110?
11100110000
In base 2, what is -101100 + 1011000111?
1010011011
In base 13, what is -9 + -1227?
-1233
In base 14, what is -1722 - 133?
-1855
In base 2, what is 1001000000110000101 - 10?
1001000000110000011
In base 2, what is 11000101101 - 110?
11000100111
In base 16, what is -9 + -476d?
-4776
In base 13, what is 250 - 17?
236
In base 11, what is 5 + -42a415?
-42a410
In base 15, what is -7c + -3422?
-349e
In base 14, what is 4 + -3054?
-3050
In base 6, what is -4250 + -23?
-4313
In base 12, what is 15b3 - -46?
1639
In base 4, what is -202000022 - -10?
-202000012
In base 12, what is -60287 + 33?
-60254
In base 15, what is 8 + 1b8?
1c1
In base 8, what is 61207 + 0?
61207
In base 8, what is -170 + -3225?
-3415
In base 14, what is 58c + 1?
58d
In base 6, what is -14 - -5444224?
5444210
In base 4, what is -10 + -10031003030?
-10031003100
In base 8, what is 200 + -405?
-205
In base 4, what is -1 + -1000333?
-1001000
In base 10, what is -675 - 4?
-679
In base 10, what is 53621 - -49?
53670
In base 14, what is 49a2 - 2?
49a0
In base 10, what is -61 + 16674?
16613
In base 2, what is 10 - 110101001001?
-110101000111
In base 4, what is 11 + -22300232?
-22300221
In base 2, what is -111100101 - 111001?
-1000011110
In base 8, what is -2 - 570112?
-570114
In base 4, what is -113322 - 3002?
-122330
In base 16, what is 42df + 2d?
430c
In base 7, what is 0 + -1103444?
-1103444
In base 11, what is -57940 + 0?
-57940
In base 3, what is 1000202 + -1002?
222200
In base 10, what is 219 - -2272?
2491
In base 11, what is a0418 + 3?
a0420
In base 14, what is 8029 - -51?
807a
In base 10, what is -10404 + 3?
-10401
In base 8, what is -36264 + -4?
-36270
In base 15, what is -4 + -20bd1?
-20bd5
In base 12, what is 3 - 190955?
-190952
In base 6, what is 22 - 11115?
-11053
In base 10, what is -45 + -9613?
-9658
In base 4, what is 30 + 2110222?
2110312
In base 4, what is -1210 - 113130?
-121000
In base 4, what is -320102 - 3330?
-330032
In base 7, what is 5 - -141663?
142001
In base 6, what is -23 - -40552?
40525
In base 12, what is 5072a + 7?
50735
In base 12, what is -415a + -9a?
-4238
In base 2, what is -10010 + 1101001000101?
1101000110011
In base 10, what is 2051 + 473?
2524
In base 15, what is -3d5 - -11?
-3c4
In base 11, what is 11 - -2575?
2586
In base 13, what is c1b - 7?
c14
In base 11, what is -16628 + 1?
-16627
In base 11, what is 18821 + 65?
18886
In base 10, what is -14 + 2951?
2937
In base 14, what is 130c6 + -3?
130c3
In base 16, what is 69 + f26?
f8f
In base 6, what is 425201 + 3?
425204
In base 13, what is 7a4 + -48?
759
In base 12, what is 3a1 + 420?
801
In base 13, what is 7c80c9 + 0?
7c80c9
In base 14, what is -279 + -228?
-4a3
In base 7, what is 155133 + 4?
155140
In base 11, what is -3 + -5439?
-5441
In base 14, what is 1 - -116c2?
116c3
In base 12, what is 7 + 42814?
4281b
In base 3, what is 121021 + -10212?
110102
In base 3, what is -10222012211 + 110?
-10222012101
In base 8, what is 3 - -564652?
564655
In base 16, what is 9970b - 0?
9970b
In base 8, what is -21 + -325342?
-325363
In base 5, what is -33440444 + 4?
-33440440
In base 12, what is -8 - 135a?
-1366
In base 12, what is 14889 + 7?
14894
In base 8, what is 3147 + -4?
3143
In base 15, what is 5 + -26600?
-265ea
In base 11, what is -a62 - -6?
-a57
In base 13, what is 2 - -1cb95?
1cb97
In base 11, what is -69 - 634?
-6a2
In base 12, what is 10293 - 1?
10292
In base 2, what is -1 - 10101101010111110100?
-10101101010111110101
In base 5, what is -131204 + -1?
-131210
In base 3, what is 1010110012 - 2112?
1010100200
In base 4, what is 32112 - -12302?
111020
In base 2, what is 101 + -100000000100?
-11111111111
In base 2, what is -1111010100001 - -100?
-1111010011101
In base 2, what is -10 + -1110100100100000100?
-1110100100100000110
In base 9, what is -18485 + 306?
-18178
In base 15, what is 1d + 1135?
1153
In base 11, what is 1a9126 - -2?
1a9128
In base 10, what is -49 - -6028?
5979
In base 12, what is -4 + 461531?
461529
In base 10, what is 7320 + 40?
7360
In base 10, what is -121 - -44236?
44115
In base 15, what is -5e + -46e5?
-4754
In base 4, what is 23230113 - -21?
23230200
In base 8, what is -111 - -14457?
14346
In base 16, what is -1a4 + -19b?
-33f
In base 11, what is -9 - -118694?
118686
In base 2, what is -11 + -1011100110011111?
-1011100110100010
In base 5, what is 140110 + -23?
140032
In base 2, what is 10110011001 + 101101001?
11100000010
In base 2, what is -10 + 10011001001011?
10011001001001
In base 11, what is -1 - -7794?
7793
In base 9, what is 27177 - 23?
27154
In base 12, what is -153a + 2b4?
-1246
In base 8, what is 5 - 1513500?
-1513473
In base 14, what is -5 + -22474?
-22479
In base 13, what is 18 - 2915?
-28ca
In base 7, what is -1230240 + 12?
-1230225
In base 2, what is -1 - -110101111000?
110101110111
In base 13, what is -5 - 29983a?
-299842
In base 8, what is 31503 - 7?
31474
In base 6, what is 110140 - -1310?
111450
In base 16, what is e5 - -f02?
fe7
In base 4, what is -130 - -21123?
20333
In base 3, what is 11000 + 221100?
1002100
In base 13, what is -330 + 30?
-300
In base 6, what is -11154530 - -2?
-11154524
In base 11, what is 1302 - -57?
1359
In base 2, what is 10000000 + 1000001001011?
1000011001011
In base 8, what is 16404 + -112?
16272
In base 13, what is 953 + -636?
31a
In base 5, what is 103 - 1010?
-402
In base 3, what is 1011012010 + 122?
1011012202
In base 7, what is 3101 + -155?
2613
In base 13, what is 5b02 + -6?
5ac9
In base 7, what is -2042 - 511?
-2553
In base 15, what is -7 - 5796c?
-57974
In base 2, what is -111101111011101001001 - -1?
-111101111011101001000
In base 9, what is 254 + -282?
-27
In base 4, what is 1002 + -323033?
-322031
In base 9, what is 547453 + -3?
547450
In base 3, what is 10100012122 + 2?
10100012201
In base 9, what is -10 - -26087?
26077
In base 5, what is -411204 - -1?
-411203
In base 5, what is -200440 + 2314?
-143121
In base 12, what is -96b - 1618?
-2387
In bas